s + 3*n. Calculate the remainder when 7 is divided by s.
0
Suppose -2*j = 3*j - 10. What is the remainder when 9 is divided by j?
1
Calculate the remainder when 9 is divided by 2/(-1 + 10/6).
0
Suppose -3*t + 97 = -5*a, 0*t = -2*t + 3*a + 64. Calculate the remainder when 115 is divided by t.
28
Suppose 16 = 4*o - b, -2*b = -5*b + 12. Suppose 5*r + o*d = 5, 4*r + 3*d - d = 8. Calculate the remainder when r is divided by 3.
0
Let i = 8 - 8. Suppose 0 = -3*t + 5*p + 204, -3*t - p + 91 + 95 = i. Let w = t - 41. What is the remainder when w is divided by 6?
4
Suppose 2*s + 18 = v, -2*v = s + v + 16. Let w = s + 4. What is the remainder when 10 is divided by w*-2*2/4?
4
Let j(d) = 2*d**3 - 3*d**2 - d - 1. Let a be j(4). Let t = a - 40. Suppose 3*l - t = -4*u - u, -47 = -5*l + 3*u. What is the remainder when 39 is divided by l?
9
Let v(a) = -8*a**3 + 2*a**2 + 3*a + 2. Let z be v(-1). Let f(q) = q**2 + q + 6. Let w be f(0). Let c = w + z. What is the remainder when 29 is divided by c?
14
Let p be (-69)/21 + 2/7. Calculate the remainder when 35 is divided by p + 3 + 13 + -1.
11
Suppose 2*k = -0*k + 18. Calculate the remainder when (50/(-4))/(2/(-4)) is divided by k.
7
Let z(b) = 2*b**2 + 4*b + 12. What is the remainder when 27 is divided by z(-3)?
9
Suppose -4*t - 122 = -2*n, -2*n - 127 = -4*n + 5*t. Calculate the remainder when n is divided by 13.
12
Suppose -86 = -2*h - 28. Calculate the remainder when h is divided by 16.
13
Suppose 84 = 4*x - 0*x. Calculate the remainder when x is divided by 6.
3
What is the remainder when (-156)/(-7)*(-119)/(-34) is divided by 8?
6
Suppose 4*u = -c + 5, -15 = -2*c - c - 4*u. What is the remainder when (c/3)/((-2)/(-18)) is divided by 8?
7
Suppose 6*f - 3*f = -o + 17, 2*f = 5*o. Suppose -4*u + 2*l + 84 = l, f*u + l = 96. What is the remainder when 38 is divided by u?
18
Suppose -5*a + a + 18 = 2*x, a = -2*x + 12. Suppose 0*u + 15 = 4*u + x*k, 21 = 5*u + 4*k. What is the remainder when 13 is divided by u?
3
Let z = -50 - -75. Let q(u) = -u**3 - u + 9. Suppose 3*i - 4*p - 10 = 2, 4*i = 5*p + 15. What is the remainder when z is divided by q(i)?
7
Suppose -127 - 227 = -6*d. What is the remainder when d is divided by 20?
19
Let t(y) = -9*y + 0*y - 4 + 3 - 3*y. Let q(l) = -l. What is the remainder when t(-1) is divided by q(-6)?
5
Suppose -3*b + 48 = -b - 3*o, 0 = 2*b + 5*o - 64. What is the remainder when 80 is divided by b?
26
Suppose -92 = -6*p + 2*p. Calculate the remainder when 44 is divided by p.
21
What is the remainder when 22 is divided by 74/9 + 30/(-135)?
6
Suppose 3*k + 5*x - 10 = -0*k, -22 = -3*k - 2*x. What is the remainder when 67 is divided by k?
7
Let k = 6 - 11. Let b(v) = 6 - 34*v + 28*v - 1 - 1. What is the remainder when b(k) is divided by 18?
16
Let l = 31 - 14. Let m = -7 + 29. Suppose m + l = z. What is the remainder when z is divided by 20?
19
Let m = 82 + -59. Let q(r) be the first derivative of -r**4/4 - r**2/2 - 2*r - 2. Calculate the remainder when m is divided by q(-2).
7
Let a = -12 - -8. Let x be (-6 - a)/(1/8). What is the remainder when (15/(-2))/(12/x) is divided by 6?
4
Suppose 82 = 5*y + 17. Suppose u = -5*l - 0*u + 40, l = u + 8. What is the remainder when y is divided by l?
5
Let r = 116 + -62. Calculate the remainder when 102 is divided by r.
48
Let m(u) = -2*u**3 + u**2 + u + 1. Let n(k) = -k**3 + 8*k**2 + 8*k + 6. Let f be n(9). Calculate the remainder when m(f) is divided by 16.
13
Let w be ((-1)/((-2)/6))/1. Suppose y = -w*y. Suppose -p - 4*h + 6 = y, 0 = -2*h - h - 6. Calculate the remainder when 27 is divided by p.
13
Let q = 17 - 14. Suppose -q*k + 40 = k. Calculate the remainder when 29 is divided by k.
9
Suppose 0 = r + 4*g - 5*g - 11, 6 = 2*r + 2*g. What is the remainder when r is divided by 4?
3
Let b(o) = 10*o**2 - 2*o - 3. Let y = -5 - -3. What is the remainder when b(y) is divided by 22?
19
Suppose 2*z = 46 - 10. What is the remainder when 67 is divided by z?
13
Suppose 19 + 13 = 4*m. Calculate the remainder when m is divided by 5.
3
Let w be (2 - 16)*(-1 - 1). Suppose -5*l = -l - w. Suppose -2*i = 4*u + 2*i - 52, 2*u - 23 = i. Calculate the remainder when u is divided by l.
5
Let b = -204 + 206. What is the remainder when 7 is divided by b?
1
Let g = -7 - -9. Suppose -16 - 36 = -g*n. Calculate the remainder when 101 is divided by n.
23
Let f(j) = -31*j - 13. Let u(q) = 16*q + 7. Let z(p) = 3*f(p) + 5*u(p). Suppose 7*n - 4*n = -9. Calculate the remainder when z(n) is divided by 12.
11
Suppose -3*l - 48 = l. Let h = 1 - l. What is the remainder when 38 is divided by h?
12
Let c(z) = z - 2. Let q be c(-11). Let a = q + 27. Suppose -3*t + 9 + 26 = 4*f, 0 = -2*f - 4*t + 30. What is the remainder when a is divided by f?
4
Suppose 342 = 5*i + i. Calculate the remainder when i is divided by 29.
28
Suppose -4*a = 5*c - 6*a - 231, -c - 4*a = -33. Suppose 0*u - 3*u - 4*m + 36 = 0, -5*m = 0. Calculate the remainder when c is divided by u.
9
Suppose 0 = -3*g + c + 2, -2*g + 7*g + 20 = -3*c. Let k(t) = -38*t**3 - t - 1. What is the remainder when k(g) is divided by 10?
8
Suppose 0 = 4*f + 6 - 14. Suppose 3 = 3*k - 3, 3*k + 64 = f*w. Calculate the remainder when 104 is divided by w.
34
Suppose 297 - 33 = -3*s. Let a = 19 + -4. What is the remainder when (2/4)/((-1)/s) is divided by a?
14
Let c(g) = -g**3 + 9*g**2 - 7*g - 3. Let t be c(8). Suppose -135 = -t*p + 60. Calculate the remainder when p is divided by 11.
6
Suppose f + 2*f - 21 = 0. Calculate the remainder when 20 is divided by f.
6
Let k = -17 + 48. Calculate the remainder when k is divided by 17.
14
Let h = -1 + 2. Suppose 67 + 25 = 4*w. What is the remainder when w is divided by 13*h - 1/1?
11
Let l = -8 + 18. Suppose 0 = 2*d + 6*j - 2*j - 8, -3*d + 22 = -4*j. What is the remainder when l is divided by d?
4
What is the remainder when ((-298)/(-4))/1 - (-1)/2 is divided by 39?
36
Let w(x) = x**3 - 10*x**2 + x - 3. What is the remainder when w(10) is divided by 2?
1
Suppose u = -4*d + 36, 0 = -3*d + 3*u + 14 + 28. What is the remainder when 35 is divided by d?
5
Let d(j) = 12*j - 18. Calculate the remainder when 118 is divided by d(4).
28
What is the remainder when 24 is divided by (-4)/(-1) + (-12)/(-3)?
0
Let w = -11 + 42. What is the remainder when w is divided by 11?
9
Let y be (-135)/7 - (-2)/7. Let g = y + 31. What is the remainder when g is divided by 6 + (2 - (2 - 1))?
5
Suppose 2*u - 6 = -q + 2, 3*q = -5*u + 21. Let i(z) = 7*z - 14. What is the remainder when i(3) is divided by q?
1
Let y(i) = 3*i**2 - 1. Let l be y(1). Let h(x) = 2*x**2 - 2*x - 7 + x - l*x. What is the remainder when h(5) is divided by 15?
13
Let d(u) = -2*u - 7. Let s(x) = 1. Let g(v) = d(v) + 4*s(v). Calculate the remainder when 25 is divided by g(-6).
7
Let j(n) = -n**3 - 4*n**2 + 2. Suppose -4*m + 0*m = 16. Let u be j(m). Suppose u = -i - f, -2*i - 3*f = -0 + 9. Calculate the remainder when 4 is divided by i.
1
Let j = 48 + -39. Calculate the remainder when 16 is divided by j.
7
Suppose 35 = -2*q + 7*q. Let o(x) = 3*x**2 - x. Calculate the remainder when o(2) is divided by q.
3
Suppose -120 = 2*x - 4*s - 0*s, 0 = -5*x - 2*s - 336. Let v = -47 - x. What is the remainder when v is divided by 11?
8
Let f = -5 - -6. Let j(b) = -2*b - 6. Let a be j(-7). Calculate the remainder when -1 + (-4)/(a/(-6)) is divided by f.
0
Let r(f) = -f**3 - 8*f**2 + 3*f + 1. Calculate the remainder when r(-9) is divided by 97/5 - (-2)/(-5).
17
Suppose 52 = -4*v + 180. Calculate the remainder when 59 is divided by v.
27
Let m(w) = -w**2 - 23*w + 47. Calculate the remainder when m(-24) is divided by 16.
7
Let h(d) be the third derivative of -d**4/24 - 3*d**3/2 + 4*d**2. Let b be h(-9). Calculate the remainder when 6 is divided by b/(-3) + 2 + 1.
0
What is the remainder when (-3689)/(-279) + (0 - (-2)/(-9)) is divided by 3?
1
Calculate the remainder when (-1)/(274/(-68) - -4) is divided by 7.
6
Let q(h) = h**3 - h**2 + 5. Let f be q(0). Suppose -2*p - 13 = -c - 0*p, 65 = f*c + p. Calculate the remainder when c is divided by 54/8 + (-2)/(-8).
6
Let s(a) = 6*a - 27. What is the remainder when 65 is divided by s(8)?
2
Let t = 5 - -31. Calculate the remainder when t is divided by 13.
10
Let a(n) = 5*n - 6. Let h(x) = -2*x**3 + x + 3. Let v be h(3). What is the remainder 